 26 divide 39824?
False
Does 547 divide 1688589?
True
Is 28 a factor of 14017500?
True
Does 36 divide 1821600?
True
Is 232 a factor of 7928136?
True
Does 309 divide 161607?
True
Is 351691 a multiple of 187?
False
Is 3678981 a multiple of 219?
True
Is 1662983 a multiple of 18?
False
Is 472200 a multiple of 100?
True
Does 7 divide 174468?
True
Is 62139 a multiple of 33?
True
Is 727395 a multiple of 742?
False
Does 33 divide 142605?
False
Does 39 divide 1870479?
True
Is 19 a factor of 2120856?
True
Is 16 a factor of 7362769?
False
Is 50820 a multiple of 6?
True
Does 77 divide 1129590?
True
Does 121 divide 296208?
True
Is 190 a factor of 8923350?
True
Is 144 a factor of 2460816?
True
Is 1255463 a multiple of 104?
False
Is 72348 a multiple of 19?
False
Is 719 a factor of 1648445?
False
Is 2 a factor of 46268?
True
Does 8 divide 47017?
False
Is 2 a factor of 512251?
False
Is 162 a factor of 304398?
True
Is 724004 a multiple of 109?
False
Is 1385758 a multiple of 342?
False
Is 27 a factor of 728553?
False
Does 80 divide 1790800?
True
Does 9 divide 622310?
False
Is 54808 a multiple of 517?
False
Is 95335 a multiple of 23?
True
Is 15 a factor of 672630?
True
Does 7 divide 1520568?
True
Is 36162 a multiple of 126?
True
Is 16 a factor of 153632?
True
Is 43 a factor of 1322281?
False
Does 10 divide 28190?
True
Is 32 a factor of 839744?
True
Does 40 divide 106440?
True
Does 11 divide 4109281?
True
Does 193 divide 4779066?
True
Is 96 a factor of 92507?
False
Does 11 divide 10120627?
True
Is 28853253 a multiple of 1833?
True
Does 16 divide 4911710?
False
Is 318606 a multiple of 14?
False
Is 3 a factor of 69147?
True
Does 4 divide 72196?
True
Is 3109512 a multiple of 12?
True
Does 20 divide 565480?
True
Does 93 divide 451143?
True
Is 164700 a multiple of 244?
True
Does 845 divide 4942622?
False
Is 31377 a multiple of 2?
False
Is 379537 a multiple of 79?
False
Does 24 divide 430109?
False
Is 3381585 a multiple of 15?
True
Does 33 divide 6704907?
True
Is 149 a factor of 3879002?
False
Is 66 a factor of 1330219?
False
Is 99188 a multiple of 16?
False
Is 131227 a multiple of 457?
False
Does 222 divide 1059599?
False
Is 21 a factor of 743694?
True
Is 112 a factor of 446690?
False
Does 675 divide 1022552?
False
Is 39009 a multiple of 9?
False
Is 3 a factor of 151509?
True
Is 100414 a multiple of 42?
False
Is 113 a factor of 1901230?
False
Does 27 divide 25866?
True
Is 330500 a multiple of 500?
True
Does 108 divide 42660?
True
Does 55 divide 1998645?
True
Is 8894285 a multiple of 410?
False
Is 920287 a multiple of 46?
False
Is 6605248 a multiple of 34?
True
Is 17 a factor of 1258085?
True
Does 208 divide 830866?
False
Is 13 a factor of 591?
False
Is 380 a factor of 1025240?
True
Does 2 divide 248961?
False
Does 101 divide 21822868?
True
Is 217 a factor of 4253170?
False
Is 58 a factor of 459244?
True
Is 42 a factor of 15536?
False
Is 56 a factor of 137250?
False
Is 4489774 a multiple of 77?
False
Is 376 a factor of 527528?
True
Is 165540 a multiple of 12?
True
Does 496 divide 527248?
True
Is 2911175 a multiple of 131?
False
Does 241 divide 388733?
True
Does 27 divide 169479?
True
Is 33 a factor of 6521031?
True
Does 19 divide 4255126?
True
Does 12 divide 4138666?
False
Is 2486837 a multiple of 448?
False
Is 165168 a multiple of 30?
False
Is 5 a factor of 1408955?
True
Is 1075729 a multiple of 108?
False
Is 137 a factor of 718201?
False
Is 15 a factor of 16624?
False
Is 35 a factor of 336721?
False
Is 12 a factor of 1601544?
True
Is 20 a factor of 3780501?
False
Is 203863 a multiple of 431?
True
Is 6 a factor of 93527?
False
Is 259 a factor of 54649?
True
Is 27 a factor of 356160?
False
Is 104884 a multiple of 118?
False
Is 213 a factor of 4951983?
False
Is 488 a factor of 1436184?
True
Is 67356 a multiple of 36?
True
Is 320 a factor of 591681?
False
Is 15 a factor of 742092?
False
Is 79 a factor of 2765?
True
Is 752890 a multiple of 10?
True
Does 73 divide 426956?
False
Does 11 divide 315536?
False
Does 50 divide 39000?
True
Is 1473620 a multiple of 66?
False
Does 142 divide 5732256?
True
Does 7 divide 105945?
True
Does 71 divide 59378?
False
Does 45 divide 64125?
True
Does 35 divide 1279145?
True
Is 156 a factor of 98147?
False
Is 676418 a multiple of 470?
False
Is 159 a factor of 209562?
True
Is 3 a factor of 1175752?
False
Is 10037640 a multiple of 1398?
True
Does 2 divide 246941?
False
Is 162 a factor of 281880?
True
Does 41 divide 612745?
True
Is 266638 a multiple of 191?
False
Does 646 divide 2859809?
False
Does 255 divide 1956105?
True
Does 12 divide 19795476?
True
Does 319 divide 3596406?
True
Is 25799 a multiple of 5?
False
Is 15869426 a multiple of 1630?
False
Is 611877 a multiple of 36?
False
Is 348 a factor of 6385059?
False
Is 22 a factor of 33440?
True
Is 15 a factor of 259517?
False
Is 14 a factor of 363079?
False
Does 364 divide 274143?
False
Is 18985552 a multiple of 575?
False
Does 37 divide 37333?
True
Does 31 divide 626045?
True
Does 48 divide 3372096?
True
Does 2 divide 96521?
False
Is 68 a factor of 285192?
True
Is 688 a factor of 4893821?
False
Does 13 divide 822588?
True
Does 444 divide 431568?
True
Is 102803 a multiple of 15?
False
Does 54 divide 136300?
False
Is 61 a factor of 198311?
True
Is 87 a factor of 12332511?
True
Is 13 a factor of 6138223?
True
Is 1770153 a multiple of 87?
False
Is 51 a factor of 43941?
False
Does 16 divide 1442800?
True
Is 55 a factor of 165267?
False
Is 55 a factor of 30773762?
False
Is 4821340 a multiple of 210?
False
Does 56 divide 706201?
False
Is 21777 a multiple of 183?
True
Is 637896 a multiple of 480?
False
Is 279184 a multiple of 16?
True
Is 214 a factor of 1642861?
False
Is 149 a factor of 61984?
True
Is 4345414 a multiple of 15?
False
Is 5 a factor of 4615167?
False
Is 13580212 a multiple of 1748?
True
Is 930954 a multiple of 37?
False
Is 15 a factor of 8497?
False
Is 35 a factor of 687890?
True
Is 20 a factor of 9640?
True
Is 4503728 a multiple of 17?
False
Is 13767614 a multiple of 317?
False
Is 685463 a multiple of 275?
False
Is 94 a factor of 958814?
False
Is 23 a factor of 8056631?
False
Is 84357 a multiple of 117?
True
Is 76304 a multiple of 16?
True
Is 48 a factor of 106608?
True
Does 16 divide 2113574?
False
Is 4898884 a multiple of 1766?
True
Is 1938195 a multiple of 21?
True
Is 3964407 a multiple of 428?
False
Is 158 a factor of 103872?
False
Does 196 divide 160524?
True
Does 8 divide 1704?
True
Is 296390 a multiple of 17?
False
Is 44 a factor of 83072?
True
Is 45040 a multiple of 80?
True
Is 79 a factor of 1084960?
False
Is 141109 a multiple of 21?
False
Is 12666 a multiple of 16?
False
Is 4 a factor of 589392?
True
Is 1797310 a multiple of 287?
False
Does 193 divide 44672?
False
Is 478595 a multiple of 481?
True
Is 45 a factor of 115965?
True
Does 35 divide 13549764?
False
Is 424 a factor of 1550568?
True
Does 4 divide 348?
True
Is 16 a factor of 268903?
False
Is 58 a factor of 15556934?
True
Is 39 a factor of 3496905?
False
Does 54 divide 282690?
True
Is 322800 a multiple of 10?
True
Is 3809376 a multiple of 71?
False
Is 54080 a multiple of 40?
True
Does 185 divide 1885016?
False
Is 592540 a multiple of 10?
True
Is 49 a factor of 1416639?
True
Is 22 a factor of 1079606?
True
Is 8 a factor of 444892?
False
Is 587233 a multiple of 293?
False
Does 4 divide 1695364?
True
Is 545662 a multiple of 13?
True
Is 13 a factor of 7881802?
False
Is 887 a factor of 1924790?
True
Is 7 a factor of 2627240?
True
Is 3749864 a multiple of 75?
False
Is 27150 a multiple of 30?
True
Is 41 a factor of 149527?
True
Is 144315 a multiple of 135?
True
Is 385711 a multiple of 80?
False
Is 313 a factor of 482991?
False
Is 32 a factor of 1996416?
True
Does 334 divide 1247749?
False
Is 3319407 a multiple of 357?
False
Is 578992 a multiple of 136?
False
Does 379 divide 3121065?
True
Does 123 divide 114175?
False
Is 11 a factor of 72030?
False
Is 1205430 a multiple of 5?
True
Is 90 a factor of 262031?
False
Does 70 divide 465080?
True
Is 242 a factor of 4029489?
False
Does 8 divide 330708?
False
Is 5187 a multiple of 8?
False
Does 468 divide 4580784?
True
Is 11 a factor of 297143?
True
Does 57 divide 62358?
True
Does 27 divide 14109742?
False
Is 160 a factor of 383520?
True
Does 84 divide 123019?
False
Is 23 a factor o